t is f(x)?
-1
Let n(h) be the third derivative of h**5/60 + 13*h**4/12 + 12*h**3 + 2790*h**2. What is n(-24)?
24
Let x(d) = -d**3 - 7*d**2 + 9*d + 14. Let a be (2/(2 + (-33)/11))/(1/4). What is x(a)?
6
Let j(h) = -2*h**2 - 23*h - 1. Suppose -257*r + 312*r + 660 = 0. What is j(r)?
-13
Let g = 194 + -92. Let f = g + -57. Let o(s) = -f*s - 33*s + 88*s. Calculate o(1).
10
Let x = -1360 - -1977. Let o(t) = 4 + 619*t - 1 - x*t - t**2. What is o(-2)?
-5
Let i(p) = -8*p**2 + 8*p - 41. Let k(w) = 7*w**2 - 9*w + 41. Let l(c) = 6*i(c) + 7*k(c). Let o be l(11). Let d(u) = u + 1. Give d(o).
-2
Let b be ((-12)/(-3) + -14)*(-27)/54. Let z(c) = -c**2 + 10*c - 10. Calculate z(b).
15
Suppose 0 = 5*v - 5*p - 275, -37*v + 40*v - 181 = 5*p. Let y(z) = z**3 - 49*z**2 + 92*z + 108. What is y(v)?
14
Let x(a) = -15*a + 33. Let w be 8/(-76) - (-3510)/855. What is x(w)?
-27
Let c(f) be the second derivative of 19*f**7/2520 + f**6/720 - 11*f**4/4 - 44*f. Let g(u) be the third derivative of c(u). Suppose 2*z + 2 = -0. What is g(z)?
18
Let w(o) = -354*o - 51. Let p(y) = 153*y + 26. Let s(l) = -7*p(l) - 3*w(l). What is s(-3)?
-2
Let o(t) be the second derivative of -3*t**3/2 - 4*t**2 + 3029*t. What is o(-5)?
37
Let s(p) = 1783 - p - 1781 + p**3 + p + 4*p**2 + 2*p. Give s(-4).
-6
Let m(c) = -15*c - 79. Let x(w) = -11*w - 77. Let a(s) = 5*m(s) - 4*x(s). What is a(-3)?
6
Let u(y) = y**2 - 6*y + 10. Let f be ((1 + 4)/(-5))/((-11)/77). Determine u(f).
17
Let i(c) = -32*c + 407 - 33*c - 32*c - 30*c + 139*c. What is i(-34)?
-1
Let p(q) be the third derivative of -q**4/12 - q**3/6 + 2*q**2 + 369*q - 1. Let j(b) = 4*b + 1. Let m be j(1). Calculate p(m).
-11
Suppose -2*j = -0*j - 6. Let g = 0 - -2. Let h(m) = -14 + 3*m - 3*m + m**3 - 3*m**g + 17 - 3*m. Calculate h(j).
-6
Let c(p) = -p + 7. Let g = -9032 + 9016. Determine c(g).
23
Let a = 15 - 7. Let s(w) be the third derivative of -w**5/30 + 11*w**4/24 + 7*w**3/6 + 15540*w**2. Give s(a).
-33
Let s(i) = -24 + 5 - 271*i**2 + 272*i**2 + 10*i + 12 + 4. Suppose -2*z - 46 = 2*z - 2*u, 2*z + 2*u = -14. What is s(z)?
-3
Let d be (-1 + 5 - 3)*7. Let h(k) be the first derivative of k**4/4 - 5*k**3/3 - 5*k**2 + k + 1464. What is h(d)?
29
Let h(a) = -9 - 23*a + 61*a**2 - 16*a**2 - 28*a**2 - 78*a. What is h(6)?
-3
Let c(r) = r + 14. Let t be c(-7). Suppose -4*u = -4*n + t*n - 43, -u - 4*n + 27 = 0. Let y(f) = -3 - 15*f + f**2 + 6*f + 12. Determine y(u).
-5
Let c(w) be the third derivative of 1/3*w**4 + 0 - w**3 - 1/60*w**5 + 0*w + 6*w**2. Let s(l) = -l**3 - 41*l**2 - 36*l + 166. Let z be s(-40). Give c(z).
6
Suppose 10 = -2*x + 3*x. Let m(t) = 19*t**2 + 3*t + 2. Let n(g) = 14*g**2 + 5*g + 1. Let d(v) = 3*m(v) - 4*n(v). Calculate d(x).
-8
Let n(r) be the first derivative of -11*r**2/2 + 60*r + 2963. Determine n(7).
-17
Let m be 3*(-1)/(-6)*0. Suppose m = b + 8 - 11. Let w(g) = -13*g - 3. Let i(v) = -22*v - 5. Let l(u) = 3*i(u) - 5*w(u). What is l(b)?
-3
Let h(p) = p**3 + 3*p**2 + p. Let i be h(-2). Let f(t) = 3*t**2 + 6 - 49*t + 0*t**i + 56*t - 2*t**2. Let k = -181 - -177. What is f(k)?
-6
Suppose 4*h - 49 = 5*g, -4*g + 2*h - 28 = 10. Let a be 16/(-24) + (-15)/g. Let z be ((6 - -1)/7)/(a/(-6)). Let i(o) = o - 2. Give i(z).
-8
Let r(v) = -v**2 - 6*v - 5. Let g = 121 - 113. Let w be ((-2)/(-9))/(g/144). Suppose 0*z - 3*j + w = -z, z + 4 = j. What is r(z)?
3
Suppose 549 = -11*d + 120. Let l = 42 + d. Let a(h) = 11*h**2 - 7*h**2 - l*h**2 - h + 6*h**2. Calculate a(-1).
8
Let b(m) = 106*m**2 - 107*m**2 - 51 + 5*m + 98 - 36. Suppose -5*v + 51 = -2*u, -2*v - v + 2*u + 33 = 0. Determine b(v).
-25
Suppose 59 = -3*i - 2*d, -5*d + 4 = -3*d. Let j be (i/(-7))/(1 + 8/(-6)). Let q be (-3)/j*81/(-9). Let b(u) = -u**2 - u + 4. Give b(q).
-2
Let i(d) = -3*d**3 + 33*d**2 - 41*d + 8. Let s(k) = k**3 - 11*k**2 + 14*k - 3. Let o = 276 - 259. Let q(z) = o*s(z) + 6*i(z). Determine q(10).
17
Let z be (-8)/(-5) + (-4)/(-10). Let w = -621 + 623. Let p(r) = 0*r - 10*r**z + 7*r - 3*r - 1 - w*r. What is p(1)?
-9
Let h(q) = 22*q**2 + 12*q - 2. Let m(l) = -12*l**2 - 7*l + 1. Let z(b) = -3*h(b) - 5*m(b). What is z(-2)?
-21
Let m be (1/((-4)/(-14)))/((-1775)/50 - -36). Let v(f) = -10*f - 11. What is v(m)?
-81
Let f be (33 - 0)*(-2)/(-6). Let r(p) = 17*p**3 - 12*p**2 - 8*p - 17. Let o(j) = 42*j**3 - 25*j**2 - 15*j - 35. Let i(b) = -2*o(b) + 5*r(b). Calculate i(f).
-4
Suppose -11*c - 35*c + 276 = 0. Let q(n) = 0*n - 4 - 3*n + 23. Let k(y) = 2*y - 10. Let o(r) = c*q(r) + 11*k(r). Calculate o(-4).
-12
Let f(h) = h**3 + 3*h**2 - 38*h + 16. Let i = 10214 - 10222. Give f(i).
0
Let c be (-152)/(-28) + -5 + (-6)/14. Suppose 39 = -4*h + 5*j, -18 = 4*h + j + j. Let g(s) = 1. Let b(m) = -m + 4. Let o(l) = h*g(l) + b(l). Calculate o(c).
-2
Let h(v) = -v**3 + 6*v**2 - 8*v + 9. Let f = 18 - 12. Let p(k) = 46 + f*k**3 - 59 + 41*k - 31*k**2 - 33. Let s(t) = -11*h(t) - 2*p(t). Calculate s(-5).
-12
Suppose 2*l + 7*l = l + l. Let n(q) = 2*q**2 + 6*q - 5. Give n(l).
-5
Suppose 22 = 7*s + 288. Let y = -38 - s. Let a(b) = -8*b - 6. What is a(y)?
-6
Let z = 7394 - 7416. Let u(v) = v**3 + 22*v**2 + 7. Determine u(z).
7
Let d(o) = -250*o + 527. Let y(p) = -209*p + 439. Let r(s) = -11*d(s) + 13*y(s). What is r(3)?
9
Let j(t) = -t**2 + 6*t**2 - t**2 + 0*t**2 - t - 6*t**2. Let i be 8/(-6) + (-4)/6. Calculate j(i).
-6
Let l(b) = 2*b**2 - 7*b + 6. Suppose 14*t - 118 = -20. Suppose -2*i + t*i + 5*k = 35, 5*k = -3*i + 27. Determine l(i).
10
Let p(i) be the first derivative of -i**3/2 + 27*i**2/2 - 147*i + 116. Let k(w) be the first derivative of p(w). What is k(7)?
6
Let j(u) = -7*u**2 - 7*u - 4. Let f(c) = 14*c**2 + 15*c + 9. Let p(l) = 4*f(l) + 9*j(l). Let m be 10*(145*10/250 + -6). Calculate p(m).
-22
Let f be 3*6/(-27)*-432. Suppose -f*h + 96 = -282*h. Let y(j) = j**2 - 17*j + 16. Determine y(h).
0
Let y(u) = 3*u + 2. Let k(d) = -10*d - 5. Suppose -3*f = -4*s + f - 32, -4 = s + 3*f. Let t(w) = s*y(w) - 2*k(w). Suppose -2*m - 13 - 1 = 0. What is t(m)?
3
Let o(f) be the first derivative of f**4/4 - 4*f**3/3 - f**2 + 4*f + 2. Let b(r) = 593*r + 3563. Let m be b(-6). Determine o(m).
19
Let s(k) = -31*k**3 + 52*k**2 - 35*k + 27. Let d(b) = -11*b**3 + 18*b**2 - 12*b + 9. Let a(t) = -17*d(t) + 6*s(t). Determine a(-7).
2
Let c(d) = -6*d**2 + 10*d + 3. Let m(j) = 5*j**2 - 9*j - 1. Let r(t) = 4*c(t) + 5*m(t). Calculate r(5).
7
Suppose -5*u - v + 5*v = -32, v + 7 = u. Let q(n) = -9*n**2 + u*n**2 + 19 - 19. Calculate q(1).
-5
Suppose 56*o = 958 - 790. Let r(l) be the second derivative of -1/6*l**o + l**2 + 4*l + 0. What is r(3)?
-1
Let n(k) = -k**2 + 73*k - 392. Let h be n(6). Let a(q) = q**3 - 11*q**2 + 11*q - 9. Calculate a(h).
1
Let z(i) = -2*i**3 + 31*i**2 - 16*i + 19. Let f be z(15). Let m(x) = -11*x + 10*x**2 - 10*x**2 - f + x**2. Calculate m(11).
-4
Let h(p) be the third derivative of p**6/120 + p**5/15 + p**4/6 - 2*p**3/3 + 114*p**2. Suppose 5*z - 8 = 5*w + 9*z, -z = 3*w + 9. Determine h(w).
-20
Let x(b) be the first derivative of -b**3 - 33*b**2/2 + 30*b - 2961. Give x(-12).
-6
Let t(n) = n**3 + 6*n**2 - 3*n - 13. Let l be t(-6). Suppose 5*b + 2*i = 44, -i - 3*i = l*b - 38. Let j(c) = 1 + b - 3 + c. Give j(-5).
3
Let s(r) = -13*r + 30. Let l be s(3). Let j(b) = -b**2 - 7*b + 27. Let w be j(l). Let t(u) = 7 + u**2 - 8*u - 36 + 17. Give t(w).
-3
Let c(j) be the second derivative of j**4/12 + j**3 + j. Suppose 5*w - 106 = -26*p + 25*p, 0 = -3*p + 5*w + 398. Suppose 0 = -5*g + 26*g + p. What is c(g)?
0
Let y(v) = 5*v + 3. Suppose 5 = -4*u - 3*l - 9, -4*u - 5*l = 26. Determine y(u).
8
Let q(t) be the third derivative of t**6/30 - t**5/60 - t**2 + 851*t. Let u be ((-1)/(-2))/((-2)/(-4)). What is q(u)?
3
Let x(l) be the third derivative of -l**7/2520 - l**6/45 - l**5/60 - 31*l**3/2 + 2*l**2 - 95. Let n(r) be the third derivative of x(r). What is n(-8)?
0
Suppose -2*d - 5*t + 48 = 0, -6*d = -d - t - 66. Suppose d*p - 13 = -13. Let a(h) = h**3 - h**2 + h - 9. Calculate a(p).
-9
Let b be 3/(-11 - 1) + (-2)/(-8). Suppose -2*g - 20 = 4*w - 6*g, b = -5*w - 5*g - 55. Let p(a) = -3*a**3 + 2*a**3 - 8*a**2 + 0*a - a**2 - 9*a. Calculate p(w).
8
Suppose 71*t = 72*t + 3*c - 11, -5*c - 112 = -6*t. Let n(f) = -f + 46. Determine n(t).
29
Suppose 2*q - 32 = -3*t, -79*q + 4*t + 34 = -74*q. Let x(r) = 7 + 6*r + 4*r - r**3 + 9*r**2 -